False
Is 2312166671 a composite number?
True
Is 1491643295 composite?
True
Is 52375090279 a prime number?
False
Is 26043683867 composite?
False
Is 362403491 composite?
False
Is 184028081611 a prime number?
False
Is 3052239698 a composite number?
True
Is 27444013501 a prime number?
True
Is 2632691591 prime?
False
Is 10318267759 prime?
False
Is 355692767 a prime number?
False
Is 1832839 a composite number?
False
Is 727485307 composite?
False
Is 3810848857 a prime number?
False
Is 192460243897 composite?
False
Is 25698791689 a composite number?
False
Is 43837929983 a prime number?
True
Is 7100749679 a composite number?
False
Is 14069204431 composite?
True
Is 438358457 composite?
True
Is 5249492323 composite?
True
Is 92972281 a prime number?
True
Is 8497373113 prime?
True
Is 3545576897 composite?
False
Is 58395085121 a composite number?
False
Is 5490763417 a composite number?
False
Is 60422443463 a composite number?
True
Is 5784924247 prime?
False
Is 14781150507 prime?
False
Is 12124434851 composite?
False
Is 972112487 a prime number?
True
Is 6538465751 a composite number?
False
Is 39430913881 a composite number?
False
Is 20350223027 prime?
True
Is 16975437029 composite?
False
Is 18549760921 a prime number?
False
Is 5046950749 a composite number?
False
Is 6297908717 a composite number?
True
Is 3132919385 composite?
True
Is 9432187 a prime number?
True
Is 903862387 composite?
False
Is 32454104947 composite?
True
Is 6499286879 prime?
True
Is 58722346079 a prime number?
False
Is 560821783 composite?
False
Is 42491719033 composite?
True
Is 13167072689 a prime number?
True
Is 188028910127 a composite number?
True
Is 927661951 prime?
False
Is 435392327 a composite number?
False
Is 6254671649 prime?
True
Is 510285313 a prime number?
False
Is 34785187 a prime number?
True
Is 4601292581 composite?
False
Is 574344197 a prime number?
False
Is 445499293 prime?
False
Is 5482072571 a composite number?
False
Is 10799019323 a prime number?
False
Is 660884669 composite?
False
Is 8036551447 prime?
True
Is 119634211 a prime number?
False
Is 151528757 composite?
False
Is 18729736297 a prime number?
True
Is 853478797 prime?
False
Is 175182541 a prime number?
True
Is 1633359157 composite?
True
Is 1606792237 a prime number?
True
Is 2905381351 composite?
True
Is 2994954239 a composite number?
True
Is 54946165313 a prime number?
False
Is 156077177 a composite number?
True
Is 1293066899 prime?
True
Is 131494639 a prime number?
False
Is 4603268779 prime?
False
Is 3025984937 a prime number?
False
Is 466953023 a prime number?
False
Is 58384142407 prime?
False
Is 283286981 a prime number?
False
Is 1401106661 a prime number?
True
Is 102708542543 a prime number?
True
Is 49835688473 prime?
True
Is 1880278211 a composite number?
True
Is 92088042971 a composite number?
False
Is 21985558139 prime?
False
Is 53743331 a prime number?
True
Is 17477450773 prime?
False
Is 382193477 a prime number?
True
Is 17533080535 a composite number?
True
Is 197776115 composite?
True
Is 86175065651 composite?
True
Is 200017003 prime?
False
Is 3377694329 prime?
True
Is 3322643201 a composite number?
True
Is 49583480567 prime?
False
Is 96214361 a prime number?
True
Is 18740693 a prime number?
False
Is 35007314063 composite?
True
Is 1960186597 a prime number?
True
Is 28189328647 a prime number?
True
Is 6084071471 composite?
False
Is 403488983 prime?
True
Is 2286070693 a prime number?
True
Is 702672743 a composite number?
True
Is 503945521 a composite number?
True
Is 50424301279 composite?
True
Is 2829822027 prime?
False
Is 9386522317 composite?
True
Is 219844039 a composite number?
True
Is 227820623 prime?
True
Is 544601287 a prime number?
True
Is 26190984691 a prime number?
False
Is 1471640741 prime?
True
Is 32907143077 composite?
True
Is 445058741 a prime number?
True
Is 141349346003 composite?
True
Is 45854322563 a composite number?
True
Is 47960227 a prime number?
False
Is 2466797917 a prime number?
True
Is 4420428017 a prime number?
False
Is 8482109411 prime?
False
Is 133101253481 a composite number?
True
Is 9434246231 a composite number?
True
Is 23159390929 prime?
True
Is 268333739 prime?
False
Is 227581073 prime?
False
Is 3798806573 composite?
False
Is 86519908597 a composite number?
False
Is 12029838155 composite?
True
Is 2588658467 a prime number?
False
Is 296212799 a composite number?
False
Is 2463951227 composite?
False
Is 21387853129 a composite number?
False
Is 17187033779 composite?
True
Is 4998220663 composite?
True
Is 559926277 composite?
True
Is 2099728543 a prime number?
False
Is 6618781 a composite number?
True
Is 354555937 prime?
True
Is 150624580451 a prime number?
True
Is 809286379 a composite number?
True
Is 17382333071 prime?
True
Is 86946053 composite?
False
Is 302755043 a composite number?
False
Is 926943103 a prime number?
False
Is 49675255967 prime?
False
Is 1458884077 a composite number?
True
Is 13645562943 composite?
True
Is 988704391 a composite number?
False
Is 17914747853 composite?
False
Is 10120422733 a prime number?
False
Is 62191235281 composite?
True
Is 16041007 a prime number?
True
Is 10748034161 a composite number?
False
Is 40648766807 prime?
False
Is 12224362249 composite?
True
Is 3141514622 a prime number?
False
Is 101527918669 prime?
True
Is 42214467593 a composite number?
False
Is 3080288881 prime?
False
Is 13497115299 a composite number?
True
Is 55197832997 prime?
True
Is 5826855737 prime?
True
Is 3368843617 a prime number?
True
Is 32608517 prime?
True
Is 1519369547 prime?
True
Is 84736427 composite?
True
Is 563427089 a composite number?
True
Is 609270707 composite?
True
Is 2498898847 composite?
True
Is 12875113231 composite?
False
Is 1536034463 prime?
False
Is 256841237 prime?
False
Is 2353585151 prime?
False
Is 10891875383 prime?
False
Is 823399769 composite?
False
Is 1130088299 a prime number?
False
Is 61351943 prime?
True
Is 1919999467 a prime number?
True
Is 2095804127 composite?
True
Is 291931229 composite?
False
Is 436217083 prime?
False
Is 11284435 a composite number?
True
Is 910255117 a prime number?
True
Is 45060208913 a composite number?
True
Is 844263557 a prime number?
True
Is 4714516903 a composite number?
True
Is 4090392895 composite?
True
Is 544149055 prime?
False
Is 629518319 a prime number?
True
Is 221967373 a prime number?
True
Is 30586026797 prime?
False
Is 19699395746 composite?
True
Is 1194399879 prime?
False
Is 954656179 composite?
False
Is 11264509 a prime number?
False
Is 896275381 a composite number?
False
Is 14392144841 a composite number?
False
Is 24757306817 a composite number?
False
Is 82882636759 prime?
False
Is 3046233473 a prime number?
False
Is 1758510965 a composite number?
True
Is 5194404037 prime?
True
Is 1817436893 composite?
False
Is 52678880069 composite?
True
Is 340577079 a composite number?
True
Is 2734744087 prime?
True
Is 3106320739 a composite number?
True
Is 8453576077 prime?
False
Is 4145451257 composite?
False
Is 630429151 composite?
True
Is 16397358583 a composite number?
False
Is 27073500527 composite?
False
Is 9304291 a prime number?
False
Is 21323149637 prime?
True
Is 296482211 prime?
True
Is 9454034769 composite?
True
Is 445985977 a composite number?
True
Is 3653665441 a composite number?
False
Is 510465719 a composite number?
False
Is 705276779 a composite number?
False
Is 3015768109 prime?
True
Is 79638562 prime?
False
Is 2680229267 a prime number?
False
Is 44014038259 prime?
True
Is 3344204653 composite?
True
Is 5285565561 composite?
True
Is 4051772519 composite?
False
Is 713307869 a composite number?
True
Is 9663311737 prime?
True
Is 9582890279 a prime number?
True
Is 32373316009 composite?
False
Is 66406926437 composite?
False
Is 347814317 a composite number?
False
Is 502062395 a composite number?
True
Is 73312784113 a composite number?
True
Is 1951760851 prime?
True
Is 2585553653 prime?
False
Is 6394681541 prime?
True
Is 12082355321 a composite number?
False
Is 6965688721 a composite number?
True
Is 75049846873 a prime number?
False
Is 5423233307 prime?
False
Is 3116349629 a prime number?
True
Is 621354599 prime?
False
Is 38452685969 a composite number?
False
Is 2838223753 prime?
True
Is 4636714867 a composite number?
False
Is 32636466977 a composite number?
True
Is 36984748249 prime?
True
Is 20291